{"id":1195,"date":"2026-08-31T15:37:07","date_gmt":"2026-08-31T15:37:07","guid":{"rendered":"https:\/\/mona-space.sk\/?page_id=1195"},"modified":"2026-08-31T15:57:55","modified_gmt":"2026-08-31T15:57:55","slug":"maderoterapia","status":"publish","type":"page","link":"https:\/\/mona-space.sk\/?page_id=1195","title":{"rendered":"Maderoterapia"},"content":{"rendered":"\t\t<div data-elementor-type=\"wp-page\" data-elementor-id=\"1195\" class=\"elementor elementor-1195\">\n\t\t\t\t<div class=\"elementor-element elementor-element-3c797a8 e-flex e-con-boxed e-con e-parent\" data-id=\"3c797a8\" data-element_type=\"container\">\n\t\t\t\t\t<div class=\"e-con-inner\">\n\t\t<div class=\"elementor-element elementor-element-bcbf7e4 e-con-full e-flex e-con e-child\" data-id=\"bcbf7e4\" data-element_type=\"container\">\n\t\t\t\t<div class=\"elementor-element elementor-element-74afb59 elementor-widget elementor-widget-text-editor\" data-id=\"74afb59\" data-element_type=\"widget\" data-widget_type=\"text-editor.default\">\n\t\t\t\t<div class=\"elementor-widget-container\">\n\t\t\t\t\t\t\t\t\t<p class=\"wp-block-heading\">Maderoterapiu vn\u00edmam ako <strong>komplexn\u00fa pr\u00e1cu s telom<\/strong>, nie iba ako techniku zameran\u00fa na celulit\u00eddu. Ka\u017ed\u00e9 o\u0161etrenie za\u010d\u00edna pr\u00edpravou lymfatick\u00e9ho syst\u00e9mu a pokra\u010duje cielene pod\u013ea<br \/>toho, \u010do konkr\u00e9tne va\u0161e telo potrebuje.<\/p>\n<p>Lymfatick\u00e9 uzliny aktivujem pod\u013ea zostavy Dr. Perryho. S\u00fa\u010das\u0165ou o\u0161etrenia je aj dry brushing, teda such\u00e9 kefovanie poko\u017eky, ktor\u00e9 podporuje lymfatick\u00fd tok a pripravuje telo na n\u00e1sledn\u00fa maderoterapiu.<\/p>\n<p>Ka\u017ed\u00e9 telo je in\u00e9, preto tlak, tempo aj sp\u00f4sob pr\u00e1ce prisp\u00f4sobujem tomu, \u010do va\u0161e telo v dan\u00fd de\u0148 potrebuje. Preto\u017ee cie\u013eom mojej pr\u00e1ce nie je aby ste mas\u00e1\u017e \u201epretrpeli\u201c, ale aby sme pracovali s telom tak, aby sa c\u00edtilo \u013eah\u0161ie, uvo\u013enenej\u0161ie a z\u00e1rove\u0148 sme podporili jeho prirodzen\u00e9 procesy.<\/p>\n<p>Kontraindik\u00e1cie pri maderoterapii:<\/p>\n<ul>\n<li>K\u0155\u010dov\u00e9 \u017eily<\/li>\n<li>Srdcovo-cievne ochorenia<\/li>\n<li>Ko\u017en\u00e9 ochorenia<\/li>\n<li>Onkologick\u00e9 ochorenie<\/li>\n<li>Tehotenstvo<\/li>\n<\/ul>\n<p><!-- \/wp:list-item --><!-- wp:list-item --><!-- \/wp:list-item --><!-- wp:list-item --><!-- \/wp:list-item --><\/p>\n<p><!-- \/wp:list --><!-- wp:heading --><\/p>\n<p><!-- \/wp:paragraph --><\/p>\t\t\t\t\t\t\t\t<\/div>\n\t\t\t\t<\/div>\n\t\t\t\t<\/div>\n\t\t<div class=\"elementor-element elementor-element-5880d1b e-con-full e-flex e-con e-child\" data-id=\"5880d1b\" data-element_type=\"container\">\n\t\t\t\t<div class=\"elementor-element elementor-element-5e01e36 elementor-widget elementor-widget-image-gallery\" data-id=\"5e01e36\" data-element_type=\"widget\" data-widget_type=\"image-gallery.default\">\n\t\t\t\t<div class=\"elementor-widget-container\">\n\t\t\t\t\t\t\t<div class=\"elementor-image-gallery\">\n\t\t\t<div id='gallery-1' class='gallery galleryid-1195 gallery-columns-2 gallery-size-large'><figure class='gallery-item'>\n\t\t\t<div class='gallery-icon landscape'>\n\t\t\t\t<a data-elementor-open-lightbox=\"yes\" data-elementor-lightbox-slideshow=\"5e01e36\" data-elementor-lightbox-title=\"Screenshot\" data-e-action-hash=\"#elementor-action%3Aaction%3Dlightbox%26settings%3DeyJpZCI6MTIwNiwidXJsIjoiaHR0cHM6XC9cL21vbmEtc3BhY2Uuc2tcL3dwLWNvbnRlbnRcL3VwbG9hZHNcLzIwMjZcLzA4XC9JTUdfMDgxNS5qcGciLCJzbGlkZXNob3ciOiI1ZTAxZTM2In0%3D\" href='https:\/\/mona-space.sk\/wp-content\/uploads\/2026\/08\/IMG_0815.jpg'><img fetchpriority=\"high\" decoding=\"async\" width=\"800\" height=\"673\" src=\"https:\/\/mona-space.sk\/wp-content\/uploads\/2026\/08\/IMG_0815-1024x862.jpg\" class=\"attachment-large size-large\" alt=\"\" aria-describedby=\"gallery-1-1206\" \/><\/a>\n\t\t\t<\/div>\n\t\t\t\t<figcaption class='wp-caption-text gallery-caption' id='gallery-1-1206'>\n\t\t\t\tScreenshot\n\t\t\t\t<\/figcaption><\/figure><figure class='gallery-item'>\n\t\t\t<div class='gallery-icon landscape'>\n\t\t\t\t<a data-elementor-open-lightbox=\"yes\" data-elementor-lightbox-slideshow=\"5e01e36\" data-elementor-lightbox-title=\"Screenshot\" data-e-action-hash=\"#elementor-action%3Aaction%3Dlightbox%26settings%3DeyJpZCI6MTIwNSwidXJsIjoiaHR0cHM6XC9cL21vbmEtc3BhY2Uuc2tcL3dwLWNvbnRlbnRcL3VwbG9hZHNcLzIwMjZcLzA4XC9JTUdfMDgxNC5qcGciLCJzbGlkZXNob3ciOiI1ZTAxZTM2In0%3D\" href='https:\/\/mona-space.sk\/wp-content\/uploads\/2026\/08\/IMG_0814.jpg'><img decoding=\"async\" width=\"800\" height=\"661\" src=\"https:\/\/mona-space.sk\/wp-content\/uploads\/2026\/08\/IMG_0814-1024x846.jpg\" class=\"attachment-large size-large\" alt=\"\" aria-describedby=\"gallery-1-1205\" \/><\/a>\n\t\t\t<\/div>\n\t\t\t\t<figcaption class='wp-caption-text gallery-caption' id='gallery-1-1205'>\n\t\t\t\tScreenshot\n\t\t\t\t<\/figcaption><\/figure>\n\t\t<\/div>\n\t\t<\/div>\n\t\t\t\t\t\t<\/div>\n\t\t\t\t<\/div>\n\t\t\t\t<\/div>\n\t\t\t\t\t<\/div>\n\t\t\t\t<\/div>\n\t\t\t\t<\/div>\n\t\t","protected":false},"excerpt":{"rendered":"<p>Maderoterapiu vn\u00edmam ako komplexn\u00fa pr\u00e1cu s telom, nie iba ako techniku zameran\u00fa na celulit\u00eddu. Ka\u017ed\u00e9 o\u0161etrenie za\u010d\u00edna pr\u00edpravou lymfatick\u00e9ho syst\u00e9mu a pokra\u010duje cielene pod\u013eatoho, \u010do konkr\u00e9tne va\u0161e telo potrebuje. Lymfatick\u00e9 uzliny aktivujem pod\u013ea zostavy Dr. Perryho. S\u00fa\u010das\u0165ou o\u0161etrenia je aj dry brushing, teda such\u00e9 kefovanie poko\u017eky, ktor\u00e9 podporuje lymfatick\u00fd tok a pripravuje telo na n\u00e1sledn\u00fa [&hellip;]<\/p>\n","protected":false},"author":1,"featured_media":0,"parent":0,"menu_order":0,"comment_status":"closed","ping_status":"closed","template":"","meta":{"footnotes":""},"class_list":["post-1195","page","type-page","status-publish","hentry"],"rttpg_featured_image_url":null,"rttpg_author":{"display_name":"kristian","author_link":"https:\/\/mona-space.sk\/?author=1"},"rttpg_comment":0,"rttpg_category":null,"rttpg_excerpt":"Maderoterapiu vn\u00edmam ako komplexn\u00fa pr\u00e1cu s telom, nie iba ako techniku zameran\u00fa na celulit\u00eddu. Ka\u017ed\u00e9 o\u0161etrenie za\u010d\u00edna pr\u00edpravou lymfatick\u00e9ho syst\u00e9mu a pokra\u010duje cielene pod\u013eatoho, \u010do konkr\u00e9tne va\u0161e telo potrebuje. Lymfatick\u00e9 uzliny aktivujem pod\u013ea zostavy Dr. Perryho. S\u00fa\u010das\u0165ou o\u0161etrenia je aj dry brushing, teda such\u00e9 kefovanie poko\u017eky, ktor\u00e9 podporuje lymfatick\u00fd tok a pripravuje telo na n\u00e1sledn\u00fa&hellip;","_links":{"self":[{"href":"https:\/\/mona-space.sk\/index.php?rest_route=\/wp\/v2\/pages\/1195","targetHints":{"allow":["GET"]}}],"collection":[{"href":"https:\/\/mona-space.sk\/index.php?rest_route=\/wp\/v2\/pages"}],"about":[{"href":"https:\/\/mona-space.sk\/index.php?rest_route=\/wp\/v2\/types\/page"}],"author":[{"embeddable":true,"href":"https:\/\/mona-space.sk\/index.php?rest_route=\/wp\/v2\/users\/1"}],"replies":[{"embeddable":true,"href":"https:\/\/mona-space.sk\/index.php?rest_route=%2Fwp%2Fv2%2Fcomments&post=1195"}],"version-history":[{"count":7,"href":"https:\/\/mona-space.sk\/index.php?rest_route=\/wp\/v2\/pages\/1195\/revisions"}],"predecessor-version":[{"id":1210,"href":"https:\/\/mona-space.sk\/index.php?rest_route=\/wp\/v2\/pages\/1195\/revisions\/1210"}],"wp:attachment":[{"href":"https:\/\/mona-space.sk\/index.php?rest_route=%2Fwp%2Fv2%2Fmedia&parent=1195"}],"curies":[{"name":"wp","href":"https:\/\/api.w.org\/{rel}","templated":true}]}}

<div data-elementor-type="wp-page" data-elementor-id="1195" class="elementor elementor-1195">
				<div class="elementor-element elementor-element-3c797a8 e-flex e-con-boxed e-con e-parent" data-id="3c797a8" data-element_type="container">
					<div class="e-con-inner">
		<div class="elementor-element elementor-element-bcbf7e4 e-con-full e-flex e-con e-child" data-id="bcbf7e4" data-element_type="container">
				<div class="elementor-element elementor-element-74afb59 elementor-widget elementor-widget-text-editor" data-id="74afb59" data-element_type="widget" data-widget_type="text-editor.default">
				<div class="elementor-widget-container">
									<p class="wp-block-heading">Maderoterapiu vnímam ako <strong>komplexnú prácu s telom</strong>, nie iba ako techniku zameranú na celulitídu. Každé ošetrenie začína prípravou lymfatického systému a pokračuje cielene podľa<br />toho, čo konkrétne vaše telo potrebuje.</p>
<p>Lymfatické uzliny aktivujem podľa zostavy Dr. Perryho. Súčasťou ošetrenia je aj dry brushing, teda suché kefovanie pokožky, ktoré podporuje lymfatický tok a pripravuje telo na následnú maderoterapiu.</p>
<p>Každé telo je iné, preto tlak, tempo aj spôsob práce prispôsobujem tomu, čo vaše telo v daný deň potrebuje. Pretože cieľom mojej práce nie je aby ste masáž „pretrpeli“, ale aby sme pracovali s telom tak, aby sa cítilo ľahšie, uvoľnenejšie a zároveň sme podporili jeho prirodzené procesy.</p>
<p>Kontraindikácie pri maderoterapii:</p>
<ul>
<li>Kŕčové žily</li>
<li>Srdcovo-cievne ochorenia</li>
<li>Kožné ochorenia</li>
<li>Onkologické ochorenie</li>
<li>Tehotenstvo</li>
</ul>
<p><!-- /wp:list-item --><!-- wp:list-item --><!-- /wp:list-item --><!-- wp:list-item --><!-- /wp:list-item --></p>
<p><!-- /wp:list --><!-- wp:heading --></p>
<p><!-- /wp:paragraph --></p>								</div>
				</div>
				</div>
		<div class="elementor-element elementor-element-5880d1b e-con-full e-flex e-con e-child" data-id="5880d1b" data-element_type="container">
				<div class="elementor-element elementor-element-5e01e36 elementor-widget elementor-widget-image-gallery" data-id="5e01e36" data-element_type="widget" data-widget_type="image-gallery.default">
				<div class="elementor-widget-container">
							<div class="elementor-image-gallery">
			<div id='gallery-1' class='gallery galleryid-1195 gallery-columns-2 gallery-size-large'><figure class='gallery-item'>
			<div class='gallery-icon landscape'>
				<a data-elementor-open-lightbox="yes" data-elementor-lightbox-slideshow="5e01e36" data-elementor-lightbox-title="Screenshot" data-e-action-hash="#elementor-action%3Aaction%3Dlightbox%26settings%3DeyJpZCI6MTIwNiwidXJsIjoiaHR0cHM6XC9cL21vbmEtc3BhY2Uuc2tcL3dwLWNvbnRlbnRcL3VwbG9hZHNcLzIwMjZcLzA4XC9JTUdfMDgxNS5qcGciLCJzbGlkZXNob3ciOiI1ZTAxZTM2In0%3D" href='https://mona-space.sk/wp-content/uploads/2026/08/IMG_0815.jpg'><img fetchpriority="high" decoding="async" width="800" height="673" src="https://mona-space.sk/wp-content/uploads/2026/08/IMG_0815-1024x862.jpg" class="attachment-large size-large" alt="" aria-describedby="gallery-1-1206" /></a>
			</div>
				<figcaption class='wp-caption-text gallery-caption' id='gallery-1-1206'>
				Screenshot
				</figcaption></figure><figure class='gallery-item'>
			<div class='gallery-icon landscape'>
				<a data-elementor-open-lightbox="yes" data-elementor-lightbox-slideshow="5e01e36" data-elementor-lightbox-title="Screenshot" data-e-action-hash="#elementor-action%3Aaction%3Dlightbox%26settings%3DeyJpZCI6MTIwNSwidXJsIjoiaHR0cHM6XC9cL21vbmEtc3BhY2Uuc2tcL3dwLWNvbnRlbnRcL3VwbG9hZHNcLzIwMjZcLzA4XC9JTUdfMDgxNC5qcGciLCJzbGlkZXNob3ciOiI1ZTAxZTM2In0%3D" href='https://mona-space.sk/wp-content/uploads/2026/08/IMG_0814.jpg'><img decoding="async" width="800" height="661" src="https://mona-space.sk/wp-content/uploads/2026/08/IMG_0814-1024x846.jpg" class="attachment-large size-large" alt="" aria-describedby="gallery-1-1205" /></a>
			</div>
				<figcaption class='wp-caption-text gallery-caption' id='gallery-1-1205'>
				Screenshot
				</figcaption></figure>
		</div>
		</div>
						</div>
				</div>
				</div>
					</div>
				</div>
				</div>

<p>Maderoterapiu vnímam ako komplexnú prácu s telom, nie iba ako techniku zameranú na celulitídu. Každé ošetrenie začína prípravou lymfatického systému a pokračuje cielene podľatoho, čo konkrétne vaše telo potrebuje. Lymfatické uzliny aktivujem podľa zostavy Dr. Perryho. Súčasťou ošetrenia je aj dry brushing, teda suché kefovanie pokožky, ktoré podporuje lymfatický tok a pripravuje telo na následnú [&hellip;]</p>

Maderoterapiu vnímam ako komplexnú prácu s telom, nie iba ako techniku zameranú na celulitídu. Každé ošetrenie začína prípravou lymfatického systému a pokračuje cielene podľatoho, čo konkrétne vaše telo potrebuje. Lymfatické uzliny aktivujem podľa zostavy Dr. Perryho. Súčasťou ošetrenia je aj dry brushing, teda suché kefovanie pokožky, ktoré podporuje lymfatický tok a pripravuje telo na následnú&hellip;
