{"id":395,"date":"2025-01-04T16:00:57","date_gmt":"2025-01-04T16:00:57","guid":{"rendered":"https:\/\/mona-space.sk\/?page_id=395"},"modified":"2025-01-04T16:02:21","modified_gmt":"2025-01-04T16:02:21","slug":"prehlasenie-o-ochrane-osobnych-udajov","status":"publish","type":"page","link":"https:\/\/mona-space.sk\/?page_id=395","title":{"rendered":"Prehl\u00e1senie o\u00a0ochrane osobn\u00fdch \u00fadajov"},"content":{"rendered":"\t\t<div data-elementor-type=\"wp-page\" data-elementor-id=\"395\" class=\"elementor elementor-395\">\n\t\t\t\t<div class=\"elementor-element elementor-element-e1c7111 e-flex e-con-boxed e-con e-parent\" data-id=\"e1c7111\" data-element_type=\"container\">\n\t\t\t\t\t<div class=\"e-con-inner\">\n\t\t\t\t<div class=\"elementor-element elementor-element-b51c183 elementor-widget elementor-widget-text-editor\" data-id=\"b51c183\" data-element_type=\"widget\" data-widget_type=\"text-editor.default\">\n\t\t\t\t<div class=\"elementor-widget-container\">\n\t\t\t\t\t\t\t\t\t<p style=\"text-align: left;\"><span style=\"color: #000000;\">Prehl\u00e1senie o spracovan\u00ed osobn\u00fdch \u00fadajov pod\u013ea nariadenia Eur\u00f3pskeho parlamentu<\/span><br \/><span style=\"color: #000000;\">a\u00a0Rady (EU) 2016\/679 o\u00a0ochrane fyzick\u00fdch os\u00f4b v\u00a0s\u00favislosti so spracovan\u00edm osobn\u00fdch \u00fadajov<\/span><br \/><span style=\"color: #000000;\">a pou\u010denie subjektov \u00fadajov (\u010falej len &amp;quot;GDPR&amp;quot;)<\/span><\/p><p><span style=\"color: #000000;\">Ak ste moj\u00edm z\u00e1kazn\u00edkom, odoberate\u013eom noviniek alebo n\u00e1v\u0161tevn\u00edkom webu, zverujete mi svoje<\/span><br \/><span style=\"color: #000000;\">osobn\u00e9 \u00fadaje. Ja zodpoved\u00e1m za\u00a0ich ochranu a\u00a0zabezpe\u010denie.<\/span><br \/><span style=\"color: #000000;\">Spr\u00e1vcom je Monika Kubi\u0161ov\u00e1, so s\u00eddlom Stredn\u00e1 10, 90027 Bernol\u00e1kovo, I\u010cO : 53698517,<\/span><br \/><span style=\"color: #000000;\">DI\u010c:1043745670, zap\u00edsan\u00e1 v\u00a0\u017eivnostenskom registri, \u010d\u00edslo 140-26032 (\u010falej len &amp;quot;spr\u00e1vca&amp;quot;). T\u00fdmto v\u00e1s<\/span><br \/><span style=\"color: #000000;\">v\u00a0s\u00falade s\u00a0\u010dl. 12 GDPR informujem o\u00a0spracovan\u00ed va\u0161ich osobn\u00fdch \u00fadajoch a\u00a0o va\u0161ich pr\u00e1vach.<\/span><br \/><span style=\"color: #000000;\">Prev\u00e1dzkujem webov\u00fa str\u00e1nku: www.numerolife.sk.<\/span><\/p><p><span style=\"color: #000000;\">Va\u0161e osobn\u00e9 \u00fadaje bud\u00fa spracov\u00e1van\u00e9 po\u010das doby trvania \u00fa\u010dinkov pr\u00e1v a\u00a0povinnost\u00ed zo zmluvy, \u010falej<\/span><br \/><span style=\"color: #000000;\">po\u010das doby nutnej pre \u00fa\u010dely archivovania pod\u013ea pr\u00edslu\u0161n\u00fdch v\u0161eobecne z\u00e1v\u00e4zn\u00fdch pr\u00e1vnych<\/span><br \/><span style=\"color: #000000;\">predpisov, najdlh\u0161ie v\u0161ak po\u010das doby stanovenej v\u0161eobecne z\u00e1v\u00e4zn\u00fdmi pr\u00e1vnymi predpismi.<\/span><br \/><span style=\"color: #000000;\">Vykonan\u00edm objedn\u00e1vky (uzatvoren\u00edm k\u00fapnej zmluvy) vznik\u00e1\u00a0opr\u00e1vnen\u00fd z\u00e1ujem\u00a0na spracovanie<\/span><br \/><span style=\"color: #000000;\">osobn\u00fdch \u00fadajov pre \u00fa\u010dely zasielania obchodn\u00fdch ozn\u00e1men\u00ed. Odmietnutie zasielania obchodn\u00fdch<\/span><br \/><span style=\"color: #000000;\">inform\u00e1ci\u00ed m\u00e1te mo\u017enos\u0165 u\u010dini\u0165 jednoduch\u00fdm sp\u00f4sobom kedyko\u013evek, a\u00a0to kliknut\u00edm na\u00a0pr\u00edslu\u0161n\u00fd<\/span><br \/><span style=\"color: #000000;\">odkaz v\u00a0ka\u017edom obchodnom ozn\u00e1men\u00ed alebo telefonicky na\u00a0\u010d\u00edsle uvedenom ni\u017e\u0161ie v\u00a0kontaktn\u00fdch<\/span><br \/><span style=\"color: #000000;\">\u00fadajoch.<\/span><br \/><span style=\"color: #000000;\">Spr\u00e1vca nemenoval poverenca pre ochranu osobn\u00fdch \u00fadajov.<\/span><br \/><span style=\"color: #000000;\">Spr\u00e1vca nem\u00e1 v\u00a0\u00famysle odovzda\u0165 Va\u0161e osobn\u00e9 \u00fadaje do\u00a0tretej krajiny (do krajiny mimo E\u00da) alebo<\/span><br \/><span style=\"color: #000000;\">medzin\u00e1rodnej organiz\u00e1cii.<\/span><br \/><span style=\"color: #000000;\">Za podmienok stanoven\u00fdch v\u00a0nariaden\u00ed\u00a0m\u00e1te pr\u00e1vo po\u017eadova\u0165 od spr\u00e1vcu pr\u00edstup k\u00a0Va\u0161im osobn\u00fdm<\/span><br \/><span style=\"color: #000000;\">\u00fadajom, pr\u00e1vo na\u00a0opravu alebo vymazanie Va\u0161ich osobn\u00fdch \u00fadajov, pr\u00edpadne obmedzenie ich<\/span><br \/><span style=\"color: #000000;\">spracovania, pr\u00e1vo namieta\u0165 proti spracovaniu Va\u0161ich osobn\u00fdch \u00fadajov a\u00a0\u010falej pr\u00e1vo na\u00a0prenosnos\u0165<\/span><br \/><span style=\"color: #000000;\">Va\u0161ich osobn\u00fdch \u00fadajov. Tak\u00e9to po\u017eiadavky posielajte p\u00edsomne na\u00a0email uveden\u00fd ni\u017e\u0161ie<\/span><br \/><span style=\"color: #000000;\">v\u00a0kontaktn\u00fdch \u00fadajoch.<\/span><br \/><span style=\"color: #000000;\">Ak by ste sa domnieval(a), \u017ee spracovan\u00edm Va\u0161ich osobn\u00fdch \u00fadajov bolo poru\u0161en\u00e9 alebo je<\/span><br \/><span style=\"color: #000000;\">poru\u0161ovan\u00e9 nariadenie, m\u00e1te okrem in\u00e9ho pr\u00e1vo poda\u0165 s\u0165a\u017enos\u0165 u\u00a0dozorn\u00e9ho \u00faradu.<\/span><br \/><span style=\"color: #000000;\">Nem\u00e1te povinnos\u0165 osobn\u00e9 \u00fadaje poskytn\u00fa\u0165. Poskytnutie Va\u0161ich osobn\u00fdch \u00fadajov je nutnou<\/span><br \/><span style=\"color: #000000;\">po\u017eiadavkou pre uzatvorenie i\u00a0plnenie zmluvy a\u00a0bez poskytnutia Va\u0161ich osobn\u00fdch \u00fadajov nie je<\/span><br \/><span style=\"color: #000000;\">mo\u017en\u00e9 zmluvu uzavrie\u0165 \u010di ju zo strany spr\u00e1vcu realizova\u0165.<\/span><br \/><span style=\"color: #000000;\">Cookies<\/span><br \/><span style=\"color: #000000;\">Pri prech\u00e1dzan\u00ed na\u0161ich webov\u00fdch str\u00e1nok zaznamen\u00e1vame va\u0161u IP adresu, ako dlho sa na\u00a0str\u00e1nke<\/span><br \/><span style=\"color: #000000;\">zdr\u017e\u00edte a\u00a0z ktorej str\u00e1nky prich\u00e1dzate. Pou\u017e\u00edvanie cookies na\u00a0meranie n\u00e1v\u0161tevnosti webu<\/span><br \/><span style=\"color: #000000;\">a\u00a0prisp\u00f4sobenie zobrazenie webov\u00fdch str\u00e1nok vn\u00edmame ako svoj opr\u00e1vnen\u00fd z\u00e1ujem spr\u00e1vcu, lebo<\/span><br \/><span style=\"color: #000000;\">ver\u00edme, \u017ee v\u010faka tomu v\u00e1m m\u00f4\u017eeme pon\u00faknu\u0165 e\u0161te lep\u0161ie slu\u017eby.<\/span><br \/><span style=\"color: #000000;\">Cookies pre cielenie reklamy bud\u00fa spracov\u00e1van\u00e9 len na\u00a0z\u00e1klade v\u00e1\u0161ho s\u00fahlasu.<\/span><br \/><span style=\"color: #000000;\">Na\u0161e webov\u00e9 str\u00e1nky mo\u017eno prech\u00e1dza\u0165 aj v\u00a0re\u017eime, ktor\u00fd neumo\u017e\u0148uje zbieranie osobn\u00fdch \u00fadajov.<\/span><br \/><span style=\"color: #000000;\">Pou\u017e\u00edvanie cookies m\u00f4\u017eete na\u00a0svojom po\u010d\u00edta\u010di zak\u00e1za\u0165.<\/span><\/p>\t\t\t\t\t\t\t\t<\/div>\n\t\t\t\t<\/div>\n\t\t\t\t\t<\/div>\n\t\t\t\t<\/div>\n\t\t\t\t<\/div>\n\t\t","protected":false},"excerpt":{"rendered":"<p>Prehl\u00e1senie o spracovan\u00ed osobn\u00fdch \u00fadajov pod\u013ea nariadenia Eur\u00f3pskeho parlamentua\u00a0Rady (EU) 2016\/679 o\u00a0ochrane fyzick\u00fdch os\u00f4b v\u00a0s\u00favislosti so spracovan\u00edm osobn\u00fdch \u00fadajova pou\u010denie subjektov \u00fadajov (\u010falej len &amp;quot;GDPR&amp;quot;) Ak ste moj\u00edm z\u00e1kazn\u00edkom, odoberate\u013eom noviniek alebo n\u00e1v\u0161tevn\u00edkom webu, zverujete mi svojeosobn\u00e9 \u00fadaje. Ja zodpoved\u00e1m za\u00a0ich ochranu a\u00a0zabezpe\u010denie.Spr\u00e1vcom je Monika Kubi\u0161ov\u00e1, so s\u00eddlom Stredn\u00e1 10, 90027 Bernol\u00e1kovo, I\u010cO : 53698517,DI\u010c:1043745670, [&hellip;]<\/p>\n","protected":false},"author":1,"featured_media":0,"parent":0,"menu_order":0,"comment_status":"closed","ping_status":"closed","template":"","meta":{"footnotes":""},"class_list":["post-395","page","type-page","status-publish","hentry"],"rttpg_featured_image_url":null,"rttpg_author":{"display_name":"kristian","author_link":"https:\/\/mona-space.sk\/?author=1"},"rttpg_comment":0,"rttpg_category":null,"rttpg_excerpt":"Prehl\u00e1senie o spracovan\u00ed osobn\u00fdch \u00fadajov pod\u013ea nariadenia Eur\u00f3pskeho parlamentua\u00a0Rady (EU) 2016\/679 o\u00a0ochrane fyzick\u00fdch os\u00f4b v\u00a0s\u00favislosti so spracovan\u00edm osobn\u00fdch \u00fadajova pou\u010denie subjektov \u00fadajov (\u010falej len &amp;quot;GDPR&amp;quot;) Ak ste moj\u00edm z\u00e1kazn\u00edkom, odoberate\u013eom noviniek alebo n\u00e1v\u0161tevn\u00edkom webu, zverujete mi svojeosobn\u00e9 \u00fadaje. Ja zodpoved\u00e1m za\u00a0ich ochranu a\u00a0zabezpe\u010denie.Spr\u00e1vcom je Monika Kubi\u0161ov\u00e1, so s\u00eddlom Stredn\u00e1 10, 90027 Bernol\u00e1kovo, I\u010cO : 53698517,DI\u010c:1043745670,&hellip;","_links":{"self":[{"href":"https:\/\/mona-space.sk\/index.php?rest_route=\/wp\/v2\/pages\/395","targetHints":{"allow":["GET"]}}],"collection":[{"href":"https:\/\/mona-space.sk\/index.php?rest_route=\/wp\/v2\/pages"}],"about":[{"href":"https:\/\/mona-space.sk\/index.php?rest_route=\/wp\/v2\/types\/page"}],"author":[{"embeddable":true,"href":"https:\/\/mona-space.sk\/index.php?rest_route=\/wp\/v2\/users\/1"}],"replies":[{"embeddable":true,"href":"https:\/\/mona-space.sk\/index.php?rest_route=%2Fwp%2Fv2%2Fcomments&post=395"}],"version-history":[{"count":4,"href":"https:\/\/mona-space.sk\/index.php?rest_route=\/wp\/v2\/pages\/395\/revisions"}],"predecessor-version":[{"id":399,"href":"https:\/\/mona-space.sk\/index.php?rest_route=\/wp\/v2\/pages\/395\/revisions\/399"}],"wp:attachment":[{"href":"https:\/\/mona-space.sk\/index.php?rest_route=%2Fwp%2Fv2%2Fmedia&parent=395"}],"curies":[{"name":"wp","href":"https:\/\/api.w.org\/{rel}","templated":true}]}}