{"id":78,"date":"2024-11-09T18:17:49","date_gmt":"2024-11-09T18:17:49","guid":{"rendered":"https:\/\/mona-space.sk\/?page_id=78"},"modified":"2025-08-11T09:38:19","modified_gmt":"2025-08-11T09:38:19","slug":"e-book","status":"publish","type":"page","link":"https:\/\/mona-space.sk\/?page_id=78","title":{"rendered":"E-book zadarmo"},"content":{"rendered":"\t\t<div data-elementor-type=\"wp-page\" data-elementor-id=\"78\" class=\"elementor elementor-78\">\n\t\t\t\t<div class=\"elementor-element elementor-element-ee5193b e-flex e-con-boxed e-con e-parent\" data-id=\"ee5193b\" data-element_type=\"container\">\n\t\t\t\t\t<div class=\"e-con-inner\">\n\t\t<div class=\"elementor-element elementor-element-5dd78b5 e-con-full e-flex e-con e-child\" data-id=\"5dd78b5\" data-element_type=\"container\">\n\t\t\t\t<div class=\"elementor-element elementor-element-d20b866 elementor-widget elementor-widget-text-editor\" data-id=\"d20b866\" data-element_type=\"widget\" data-widget_type=\"text-editor.default\">\n\t\t\t\t<div class=\"elementor-widget-container\">\n\t\t\t\t\t\t\t\t\t<p><span style=\"white-space-collapse: preserve; color: #000000;\"> Odha\u013e tajomstv\u00e1 svojej osobnej ro\u010dnej vibr\u00e1cie a prevezmi kontrolu nad svoj\u00edm rokom.<\/span><\/p><p><span style=\"color: #000000;\">E-book: \u201e<strong><span style=\"color: #d98572;\">Navig\u00e1cia osobnou ro\u010dnou vibr\u00e1ciou<\/span><\/strong>\u201c<\/span><\/p><p><span style=\"white-space-collapse: preserve; color: #000000;\"> Chce\u0161 lep\u0161ie pochopi\u0165 svoj \u017eivot, svoje v\u00fdzvy a na\u010dasovanie d\u00f4le\u017eit\u00fdch rozhodnut\u00ed?<br \/>Tento e-book m\u00f4\u017ee by\u0165 tvoj\u00edm sprievodcom na ceste sebapoznania, ktor\u00fd ti odhal\u00ed:<\/span><\/p><p>\u00a0<\/p><ul><li><span style=\"white-space-collapse: preserve; color: #000000;\">Ako si vypo\u010d\u00edta\u0165 svoju osobn\u00fa ro\u010dn\u00fa vibr\u00e1ciu, alebo osobn\u00fd rok<br \/><\/span><\/li><li><span style=\"white-space-collapse: preserve; color: #000000;\">\u010co tvoja osobn\u00e1 ro\u010dn\u00e1 vibr\u00e1cia znamen\u00e1 a ako ti ovplyv\u0148uje \u017eivot.<br \/><\/span><\/li><li><span style=\"white-space-collapse: preserve; color: #000000;\">Ak\u00e9 pr\u00edle\u017eitosti a v\u00fdzvy ti aktu\u00e1lny rok prin\u00e1\u0161a.<br \/><\/span><\/li><li><span style=\"white-space-collapse: preserve; color: #000000;\">Ako zos\u00faladi\u0165 svoje pl\u00e1ny s energiami roka.<\/span><\/li><\/ul>\t\t\t\t\t\t\t\t<\/div>\n\t\t\t\t<\/div>\n\t\t\t\t<\/div>\n\t\t<div class=\"elementor-element elementor-element-94fe7e4 e-con-full e-flex e-con e-child\" data-id=\"94fe7e4\" data-element_type=\"container\">\n\t\t\t\t<div class=\"elementor-element elementor-element-70d0b3f elementor-widget elementor-widget-image\" data-id=\"70d0b3f\" data-element_type=\"widget\" data-widget_type=\"image.default\">\n\t\t\t\t<div class=\"elementor-widget-container\">\n\t\t\t\t\t\t\t\t\t\t\t\t\t\t\t<img fetchpriority=\"high\" decoding=\"async\" width=\"800\" height=\"566\" src=\"https:\/\/mona-space.sk\/wp-content\/uploads\/2025\/01\/titulna-strana-1024x724.png\" class=\"attachment-large size-large wp-image-285\" alt=\"\" \/>\t\t\t\t\t\t\t\t\t\t\t\t\t\t\t<\/div>\n\t\t\t\t<\/div>\n\t\t\t\t<\/div>\n\t\t\t\t\t<\/div>\n\t\t\t\t<\/div>\n\t\t<div class=\"elementor-element elementor-element-93650bd e-flex e-con-boxed e-con e-parent\" data-id=\"93650bd\" data-element_type=\"container\">\n\t\t\t\t\t<div class=\"e-con-inner\">\n\t\t\t\t<div class=\"elementor-element elementor-element-f11928e elementor-widget elementor-widget-text-editor\" data-id=\"f11928e\" data-element_type=\"widget\" data-widget_type=\"text-editor.default\">\n\t\t\t\t<div class=\"elementor-widget-container\">\n\t\t\t\t\t\t\t\t\t<div>\u00a0<strong><span style=\"white-space-collapse: preserve; color: #d98572;\">\u010co je osobn\u00e1 ro\u010dn\u00e1 vibr\u00e1cia?<\/span><\/strong><\/div><p><span style=\"color: #000000;\">Ka\u017ed\u00fd rok od naroden\u00edn po \u010fal\u0161ie narodeniny sa n\u00e1m men\u00ed \u010d\u00edslo n\u00e1\u0161ho osobn\u00e9ho roka.<\/span><br \/><span style=\"color: #000000;\">Toto \u010d\u00edslo prin\u00e1\u0161a jedine\u010dn\u00e9 energie, ktor\u00e9 na n\u00e1s p\u00f4sobia. Tvoja osobn\u00e1 ro\u010dn\u00e1 vibr\u00e1cia je<\/span><br \/><span style=\"color: #000000;\">k\u013e\u00fa\u010dom k pochopeniu toho, \u010do dan\u00fd rok prin\u00e1\u0161a. Poukazuje na:<\/span><\/p><ul><li><span style=\"color: #000000;\">Oblasti, na ktor\u00e9 by si sa mala s\u00fastredi\u0165.<\/span><\/li><li><span style=\"color: #000000;\">V\u00fdzvy, ktor\u00e9 treba prekona\u0165.<\/span><\/li><li><span style=\"color: #000000;\">Cesty, ako vyu\u017ei\u0165 dan\u00fd rok na svoj rast a \u00faspech.<\/span><\/li><\/ul>\t\t\t\t\t\t\t\t<\/div>\n\t\t\t\t<\/div>\n\t\t\t\t\t<\/div>\n\t\t\t\t<\/div>\n\t\t<div class=\"elementor-element elementor-element-d4601e7 e-flex e-con-boxed e-con e-parent\" data-id=\"d4601e7\" data-element_type=\"container\">\n\t\t\t\t\t<div class=\"e-con-inner\">\n\t\t<div class=\"elementor-element elementor-element-3c9d534 e-con-full e-flex e-con e-child\" data-id=\"3c9d534\" data-element_type=\"container\">\n\t\t\t\t<div class=\"elementor-element elementor-element-ce46fbe elementor-widget elementor-widget-text-editor\" data-id=\"ce46fbe\" data-element_type=\"widget\" data-widget_type=\"text-editor.default\">\n\t\t\t\t<div class=\"elementor-widget-container\">\n\t\t\t\t\t\t\t\t\t<p><strong><span style=\"white-space-collapse: preserve; color: #d98572;\">\u010co tento e-book obsahuje?<\/span><\/strong><\/p><p>\u2705<span style=\"color: #000000;\"> Praktick\u00fd v\u00fdpo\u010det ako si vypo\u010d\u00edta\u0165 svoju ro\u010dn\u00fa vibr\u00e1ciu.<\/span><br \/><span style=\"color: #000000;\">\u2705 Jasn\u00e9 a zrozumite\u013en\u00e9 vysvetlenia ka\u017ed\u00e9ho roka od 1 po 9.<\/span><br \/><span style=\"color: #000000;\">\u2705 Tipy, ako pracova\u0165 s energiou roka vo vz\u0165ahoch, v pr\u00e1ci aj osobnom \u017eivote.<\/span><\/p>\t\t\t\t\t\t\t\t<\/div>\n\t\t\t\t<\/div>\n\t\t\t\t<\/div>\n\t\t<div class=\"elementor-element elementor-element-50b5177 e-con-full e-flex e-con e-child\" data-id=\"50b5177\" data-element_type=\"container\">\n\t\t\t\t<div class=\"elementor-element elementor-element-b3e51bc elementor-widget elementor-widget-text-editor\" data-id=\"b3e51bc\" data-element_type=\"widget\" data-widget_type=\"text-editor.default\">\n\t\t\t\t<div class=\"elementor-widget-container\">\n\t\t\t\t\t\t\t\t\t<p><strong><span style=\"white-space-collapse: preserve; color: #d98572;\">Pre koho je tento e-book ur\u010den\u00fd?<\/span><\/strong><\/p><p>\ud83d\udc9d <span style=\"color: #000000;\">Pre ka\u017ed\u00e9ho, kto chce lep\u0161ie pochopi\u0165 svoje \u017eivotn\u00e9 obdobia.<\/span><br \/><span style=\"color: #000000;\">\ud83d\udc9d Pre \u013eud\u00ed, ktor\u00ed chc\u00fa vedome \u017ei\u0165 v s\u00falade s energiami svojho \u017eivota.<\/span><br \/><span style=\"color: #000000;\">\ud83d\udc9d Pre ka\u017ed\u00e9ho, kto sa zauj\u00edma o numerol\u00f3giu a osobn\u00fd rozvoj.<\/span><\/p>\t\t\t\t\t\t\t\t<\/div>\n\t\t\t\t<\/div>\n\t\t\t\t<\/div>\n\t\t\t\t\t<\/div>\n\t\t\t\t<\/div>\n\t\t<div class=\"elementor-element elementor-element-77b42a2 e-flex e-con-boxed e-con e-parent\" data-id=\"77b42a2\" data-element_type=\"container\">\n\t\t\t\t\t<div class=\"e-con-inner\">\n\t\t\t\t<div class=\"elementor-element elementor-element-05b6a85 elementor-widget elementor-widget-text-editor\" data-id=\"05b6a85\" data-element_type=\"widget\" data-widget_type=\"text-editor.default\">\n\t\t\t\t<div class=\"elementor-widget-container\">\n\t\t\t\t\t\t\t\t\t<p style=\"text-align: center;\"><span style=\"color: #000000;\">Za\u010dnite \u017ei\u0165 v s\u00falade so svojou ro\u010dnou vibr\u00e1ciou u\u017e dnes!<\/span><br \/><br \/><span style=\"color: #000000;\">Stiahni si svoj e-book zdarma a objavte, \u010do v\u00e1m v\u00e1\u0161 rok prin\u00e1\u0161a.<\/span><\/p>\t\t\t\t\t\t\t\t<\/div>\n\t\t\t\t<\/div>\n\t\t\t\t\t<\/div>\n\t\t\t\t<\/div>\n\t\t<div class=\"elementor-element elementor-element-261270f e-flex e-con-boxed e-con e-parent\" data-id=\"261270f\" data-element_type=\"container\">\n\t\t\t\t\t<div class=\"e-con-inner\">\n\t\t\t\t<div class=\"elementor-element elementor-element-0e89575 elementor-widget elementor-widget-html\" data-id=\"0e89575\" data-element_type=\"widget\" data-widget_type=\"html.default\">\n\t\t\t\t<div class=\"elementor-widget-container\">\n\t\t\t\t\t<iframe width=\"540\" height=\"369\" src=\"https:\/\/06a7374c.sibforms.com\/serve\/MUIFABj7oEhxRxFAv8ZPEA8WleSrZOae7jbcJyaSK5DlikfZKvhXGbMIFgIEYTPo5sZKDCOi6zj8wUnGtr7JwGEyLjgJRDBUV-pGbSqD7Jpj_5kHKxvl08L4QERuUUjzI8BrMitKWBnhHu32oAGMpiy3sRHbA54nGE9jDKg4dJOQX9kEqeElxN86WTDRaIrkyIA9ijjtxjW81JFP\" frameborder=\"0\" scrolling=\"auto\" allowfullscreen style=\"display: block;margin-left: auto;margin-right: auto;max-width: 100%;\"><\/iframe>\t\t\t\t<\/div>\n\t\t\t\t<\/div>\n\t\t\t\t\t<\/div>\n\t\t\t\t<\/div>\n\t\t\t\t<\/div>\n\t\t","protected":false},"excerpt":{"rendered":"<p>Odha\u013e tajomstv\u00e1 svojej osobnej ro\u010dnej vibr\u00e1cie a prevezmi kontrolu nad svoj\u00edm rokom. E-book: \u201eNavig\u00e1cia osobnou ro\u010dnou vibr\u00e1ciou\u201c Chce\u0161 lep\u0161ie pochopi\u0165 svoj \u017eivot, svoje v\u00fdzvy a na\u010dasovanie d\u00f4le\u017eit\u00fdch rozhodnut\u00ed?Tento e-book m\u00f4\u017ee by\u0165 tvoj\u00edm sprievodcom na ceste sebapoznania, ktor\u00fd ti odhal\u00ed: \u00a0 Ako si vypo\u010d\u00edta\u0165 svoju osobn\u00fa ro\u010dn\u00fa vibr\u00e1ciu, alebo osobn\u00fd rok \u010co tvoja osobn\u00e1 ro\u010dn\u00e1 vibr\u00e1cia [&hellip;]<\/p>\n","protected":false},"author":1,"featured_media":0,"parent":0,"menu_order":0,"comment_status":"closed","ping_status":"closed","template":"","meta":{"footnotes":""},"class_list":["post-78","page","type-page","status-publish","hentry"],"rttpg_featured_image_url":null,"rttpg_author":{"display_name":"kristian","author_link":"https:\/\/mona-space.sk\/?author=1"},"rttpg_comment":0,"rttpg_category":null,"rttpg_excerpt":"Odha\u013e tajomstv\u00e1 svojej osobnej ro\u010dnej vibr\u00e1cie a prevezmi kontrolu nad svoj\u00edm rokom. E-book: \u201eNavig\u00e1cia osobnou ro\u010dnou vibr\u00e1ciou\u201c Chce\u0161 lep\u0161ie pochopi\u0165 svoj \u017eivot, svoje v\u00fdzvy a na\u010dasovanie d\u00f4le\u017eit\u00fdch rozhodnut\u00ed?Tento e-book m\u00f4\u017ee by\u0165 tvoj\u00edm sprievodcom na ceste sebapoznania, ktor\u00fd ti odhal\u00ed: \u00a0 Ako si vypo\u010d\u00edta\u0165 svoju osobn\u00fa ro\u010dn\u00fa vibr\u00e1ciu, alebo osobn\u00fd rok \u010co tvoja osobn\u00e1 ro\u010dn\u00e1 vibr\u00e1cia&hellip;","_links":{"self":[{"href":"https:\/\/mona-space.sk\/index.php?rest_route=\/wp\/v2\/pages\/78","targetHints":{"allow":["GET"]}}],"collection":[{"href":"https:\/\/mona-space.sk\/index.php?rest_route=\/wp\/v2\/pages"}],"about":[{"href":"https:\/\/mona-space.sk\/index.php?rest_route=\/wp\/v2\/types\/page"}],"author":[{"embeddable":true,"href":"https:\/\/mona-space.sk\/index.php?rest_route=\/wp\/v2\/users\/1"}],"replies":[{"embeddable":true,"href":"https:\/\/mona-space.sk\/index.php?rest_route=%2Fwp%2Fv2%2Fcomments&post=78"}],"version-history":[{"count":62,"href":"https:\/\/mona-space.sk\/index.php?rest_route=\/wp\/v2\/pages\/78\/revisions"}],"predecessor-version":[{"id":998,"href":"https:\/\/mona-space.sk\/index.php?rest_route=\/wp\/v2\/pages\/78\/revisions\/998"}],"wp:attachment":[{"href":"https:\/\/mona-space.sk\/index.php?rest_route=%2Fwp%2Fv2%2Fmedia&parent=78"}],"curies":[{"name":"wp","href":"https:\/\/api.w.org\/{rel}","templated":true}]}}